actor of 15938 and p?
26
Let d be (-4)/(-6 + -2)*-6. Let w be (1665/(-12))/d + 5/(-20). Calculate the highest common divisor of w and 46.
46
Let s = 3886 - 2437. What is the greatest common factor of 46 and s?
23
Let y(n) be the first derivative of 4*n**3 - 7*n**2/2 + 10*n - 54. Let f be y(4). What is the greatest common divisor of 116 and f?
58
Let y = -56 + 58. Let s be (3 + -1)*y - (5 + -106). Calculate the greatest common divisor of s and 21.
21
Let k be 5 - 4 - -3 - (-2 - -2). Suppose 2*l = 2*n + 2*n - 532, -286 = -2*n - k*l. Suppose 6*v = v + n. Calculate the greatest common divisor of 3 and v.
3
Let f be (-348)/(-754) - (3600/(-988) + 2/19). Let z(g) = g**2 + 6*g - 2. Let p be z(-7). Calculate the highest common factor of f and p.
1
Let y be (2/(-4))/((-19)/76). Suppose -7*c - y*t = -2*c - 626, 0 = -5*c + 4*t + 608. What is the highest common divisor of 217 and c?
31
Suppose -2*k = -11*c + 15*c - 416, -5*c - 3*k = -520. What is the highest common factor of 1612 and c?
52
Let p(y) = y**3 - y**2 + y + 42. Let j be p(0). Suppose 62*b - 300 = 60*b + 4*f, 0 = -3*b + 2*f + 486. What is the greatest common divisor of b and j?
42
Suppose 0 = -0*q + q - 125. Let l(t) = -6*t**2 + 210*t + 75. Let w be l(35). What is the greatest common factor of w and q?
25
Let b be ((-3)/(18/(-352)))/(((-3526)/123)/(-43)). Calculate the greatest common factor of 472 and b.
8
Suppose -5*j + 18726 = 2*q, q - 6 = -3. What is the highest common divisor of 65 and j?
13
Let w = -31 + -22. Let h = 57 + w. Let x be (152/h)/2 + (-3 - -2). Calculate the greatest common divisor of 162 and x.
18
Let b = 374 - 376. Let n = b - -57. Let p be ((-10)/(-4))/(2/4). Calculate the highest common divisor of p and n.
5
Suppose -768 - 1056 = -6*i. Let k be -2*(-421)/10 - i/(-380). What is the highest common divisor of k and 51?
17
Suppose -4*p + n + 259 = 0, 4*p + 5*n - 90 = 175. Suppose 62*i - p*i - 24 = 0. Let u be -14*(-4 - i/(-2)). Calculate the greatest common factor of u and 14.
14
Suppose x = -3, -6*v + x = -4*v - 1319. Calculate the highest common factor of 56 and v.
14
Let k be 1221*(-15)/(-225) + 12/(-30). Let q = 60 - -102. What is the greatest common divisor of k and q?
81
Suppose 5*p - z - 4241 = 0, -2*p + 31*z + 1695 = 32*z. Calculate the highest common factor of 6 and p.
2
Let m be (-1 - 164)*-12*5/50. Let q = m - 144. What is the greatest common factor of 432 and q?
54
Let w be 4 - 30350/(-14) - (-40)/280. What is the greatest common divisor of w and 15?
3
Let s(i) = 2*i**2 - 5 - 18*i + 69*i - 2. Let m be (-106)/4 + (-6 + 100/16)*2. Let w be s(m). Calculate the highest common divisor of 95 and w.
19
Suppose 2*i + 11*i = 38*i - 750. Calculate the highest common factor of i and 270.
30
Let c(z) = 2*z**2 - 41*z + 91. Let m be c(0). What is the greatest common divisor of m and 39?
13
Let x(z) = z**2 + 2*z**3 - 8*z - 4*z**3 + 3 + z**3 - 11*z**2. Let s be x(-10). Calculate the highest common divisor of 664 and s.
83
Let r be 2 + 3 + -9 - -6. Suppose 2*m + r*o = -79 + 1265, -3*m = o - 1777. What is the highest common factor of 37 and m?
37
Suppose 97*u = -4*t + 95*u - 522, -113 = t - 3*u. Let j be (-4)/t*4 - (-11790)/16. Calculate the highest common divisor of 134 and j.
67
Let c be -5*(-34 + -3 + 5). Calculate the highest common factor of 180 and c.
20
Let g = 37 + -33. Suppose -q - g*q + 1020 = 0. Let s = 374 - q. What is the greatest common divisor of s and 17?
17
Let y(v) = 60*v + 6. Let r be y(1). Suppose -4*p - 3*d = -4*d - 264, -r = -p - 4*d. Calculate the highest common factor of p and 726.
66
Let g be -3 + 362 + 9 + (0 - 0). Let t be (-5 - g/(-72)) + 89/9. Suppose 0 = -3*h - 1 + 46. What is the highest common factor of t and h?
5
Let c = 1 + 2. Let x be (-4 - (-910)/4) + (-45)/(-30). Suppose -31*k + 6*k = -x. What is the highest common factor of c and k?
3
Let w = 35 - 35. Suppose -3*i - 3*i = w. Suppose -u + 226 - 2 = i. Calculate the greatest common factor of 32 and u.
32
Let h be (0 - 3)*(-39)/9. Let u be ((-77)/(-33))/((-1)/4569). Let p be (-2)/9 - u/63. Calculate the highest common factor of p and h.
13
Suppose -114*c + 117*c = 12. Let n be 2/c - (3 + 75/6). Let i be (-2)/n - ((-1265)/75 + 3). What is the greatest common factor of i and 14?
14
Let m be 1963/221 + 18/153. Calculate the highest common factor of 3717 and m.
9
Suppose -108*a + 20*a = -17*a - 6461. What is the highest common divisor of 224 and a?
7
Let c(z) = -12*z - 8. Let s be c(-7). Suppose 636*w - 28557 = 469*w. What is the greatest common divisor of w and s?
19
Suppose -3982 = -5*t - 403*x + 401*x, -4*x = -5*t + 3976. Calculate the highest common factor of t and 4.
4
Suppose -11*k - 3*m - 951 = -12*k, 5*k = -5*m + 4815. Suppose 10*z = -180 + k. What is the greatest common factor of z and 6?
6
Let d = 434 - 432. Suppose 3*p - 4*a = 320, -4*a = -d*p + 256 - 36. Calculate the highest common factor of p and 25.
25
Let c be (-5 + 2)*(16/(-20) + 2126/(-30)). Suppose 20 = -0*z + 4*z. What is the greatest common divisor of z and c?
5
Let c(q) = -5*q**2 + 2*q - 8 + 5 + 5*q**3 - 4*q**3. Let a be c(6). Suppose -878 + 824 = -3*k. What is the greatest common factor of k and a?
9
Let i(u) = -4*u**2 + u - 34. Let k be i(6). Let h = 268 + k. Calculate the highest common divisor of h and 128.
32
Let i be ((-30)/(-8))/((-2)/48). Let b = -90 - i. Suppose -7*s + 110 - 5 = b. What is the greatest common factor of 120 and s?
15
Let q(r) = 24*r**2 + 2*r + 29. Let u be q(8). What is the greatest common factor of u and 51?
51
Let i(t) = -3 - 7*t - 7 + 8 + 8*t + 56. Let p be i(-48). Calculate the greatest common divisor of p and 21.
3
Let k = 104 + -89. Suppose -29*r + 33*r - 3*a = 29, 3*a = k. What is the highest common divisor of r and 44?
11
Suppose 0*v - v + 3 = -3*q, -3*q - 9 = -2*v. Let u be 5/(-2)*(-300)/25. Calculate the highest common divisor of u and v.
6
Let k(s) = -73*s + 10. Let p be k(-3). Let g = p + -333. Let j be -3*(-5)/(-15)*g. Calculate the greatest common divisor of j and 13.
13
Let t(i) = i**3 - 11*i**2 - 7*i - 10. Let x be t(12). Suppose -2*k - 5*k = -42. Let d = k + 14. What is the highest common factor of d and x?
10
Let k be -39*(15 + (-1379)/91). Calculate the greatest common factor of k and 315.
3
Suppose 34*r + 47 - 183 = 0. Calculate the greatest common factor of 610 and r.
2
Suppose 0 = 2*b + 3*o + 18 - 9, o = -3*b + 4. Suppose -32 = -b*y - 26. Calculate the greatest common divisor of y and 26.
2
Let t = -2070 + 2140. Suppose 0 = y + 2*y - 525. Calculate the greatest common factor of y and t.
35
Suppose -2*s - 4*h = -1760, -3334 = -3*s - 4*h - 704. What is the greatest common factor of 2070 and s?
30
Let g(w) = 11*w + 8. Let o be g(7). Let i = 62 - 32. Suppose -109 = -4*y + 3*j + i, -3*j - 3 = 0. What is the greatest common factor of o and y?
17
Let o = -52 - -82. Suppose 1 = -y - 2*g + 3, -y + 2 = -4*g. Let p(c) = 23*c - 6. Let r be p(y). What is the greatest common factor of o and r?
10
Let g be 236 - (18 + (-9 - 20)). Let x(m) = m**2 - m + 1. Let t be x(4). What is the greatest common divisor of g and t?
13
Let w = -5874 - -6886. Calculate the highest common factor of w and 55.
11
Suppose -16 = 2*o - 5*t, -4*t = -5*t - 2. Let u be (-802)/(-26) + (-2)/o. Calculate the greatest common factor of 713 and u.
31
Let x be (-62 - -2)/((-4)/18). Let y = 616 - 586. Calculate the highest common factor of y and x.
30
Let l = 33 + 55. Suppose 5*j - 84 = -2*k - k, -5*j - 48 = -k. What is the greatest common factor of k and l?
11
Suppose v - 2 = 2*y - 0, 5*v - 18 = 2*y. Let h be 8 + v + (-6 - -1). Calculate the greatest common divisor of 161 and h.
7
Let r = -20 + 23. Let g(f) = -f - 1 + 0*f**2 - 4*f**2 - r*f + 3*f**2. Let y be g(-3). Calculate the highest common factor of 14 and y.
2
Suppose 0 = 8*a + 2943 - 3215. Calculate the greatest common divisor of 17 and a.
17
Let d = 3305 + -2701. What is the highest common divisor of 755 and d?
151
Let f = -4440 + 4946. What is the highest common divisor of 44 and f?
22
Let l = -5260 - -9367. What is the greatest common factor of 777 and l?
111
Let j(i) = 10*i - 90. Let q = 160 - 135. Let h be j(q). What is the highest common divisor of 30 and h?
10
Let z(b) = b**3 + b**2 - 3*b. Let d be z(2). Suppose -w + 11 = -d. Suppose -5 = a - w. What is the highest 